git of l?
3
Suppose -3*z = -z - 154. Suppose -z = -2*v + 1. What is the units digit of v?
9
Let w(g) = -g**3 + 3*g**2 - 3*g + 3. Suppose 0 = 6*r - r - 10. Let z be w(r). Suppose q + z = 3. What is the units digit of q?
2
Let x = 12 - 9. What is the tens digit of 3*(4 + 1) + x?
1
Let t = -12 - -9. What is the tens digit of 270/21 - t/21?
1
Let b(d) = -d**3 + 4*d + 5. What is the tens digit of b(-3)?
2
Let u = 9 + -5. Suppose -2*x = 5*w - 235, 3*w - u*x = 103 + 12. What is the tens digit of w?
4
Suppose 5*d + 5*d = 700. What is the units digit of d?
0
Let v be ((-6)/(-4))/((-12)/(-16)). Suppose -5*a = 4*y - v*y - 100, -y = 2*a - 39. What is the units digit of a?
2
Suppose -43 = -d - 15. Suppose 98 = 5*m + d. What is the tens digit of m?
1
Suppose 0 = -7*h + 3*h. Suppose 2*y - 18 + 0 = h. What is the units digit of y?
9
Suppose -25 = 4*s - 5*w - 376, 3*w = 3*s - 261. What is the tens digit of s?
8
What is the tens digit of 3 - 6192/(-90)*(1 + 4)?
4
Let i(y) = -y**2 + 8*y + 1. Let g be i(8). Let j(f) = 2*f**2 - f + 1. Let r be j(g). Suppose 3*n + 4*t + 4 = 44, 2*t = r. What is the units digit of n?
2
Let i be (-1 + 3)/2*-6. Let y be ((-2)/(-4)*12)/(-2). What is the tens digit of (10/y)/(2/i)?
1
Suppose -4*a = -v - 8, 0 = -2*v + 12 - 4. Let g = a + -15. Let s = g + 21. What is the units digit of s?
9
What is the tens digit of (4/(-16))/(5/(-1220))?
6
Let a(c) = c**3 - 11*c**2 + 15*c - 13. What is the tens digit of a(10)?
3
Let n(s) = s**3 - 5*s**2 - 5*s - 6. Let r be n(6). Suppose r = 3*j - 8*j + 75. What is the units digit of j?
5
Let s(h) = 2*h**2 + h - 4. Let m be s(5). Suppose 0 = 3*x - 2*n - m + 8, 4*n - 57 = -5*x. Let b = 31 - x. What is the units digit of b?
8
Let c be 1*((-2 - 0) + -15). Let k = c - -32. What is the tens digit of k?
1
Suppose -k - j + 18 = 0, k + 0*k - 2*j - 3 = 0. What is the units digit of k?
3
Let d(z) = -z**3 + 3*z**2 - 4*z - 1. Let u be d(4). Let s = u - -56. What is the units digit of s?
3
Suppose 0 = 3*s + 2*m + 35, 0 = -5*s + 4*m - 66 - 7. Let u = 15 + s. What is the units digit of u?
2
Let j = 208 + -51. What is the hundreds digit of j?
1
Let f be 6/(-15) + (-103)/5. Let b = f + 39. What is the units digit of b?
8
Let a(h) = 5*h + 4. What is the tens digit of a(3)?
1
Let g(t) = t**3 - 8*t**2 - t + 4. Suppose 3*y - 13 = 11. Let q be g(y). Let n = q + 10. What is the units digit of n?
6
Let v(z) = -3*z - 3. Let t be v(-8). Suppose 2*x + x - t = -2*u, -13 = -u - x. What is the tens digit of u?
1
Let o be (-168)/18 - 2/(-6). What is the tens digit of ((-60)/o)/((-1)/(-3))?
2
Let y(c) = c**3 + 9*c**2 + 2. Let f be y(-9). Suppose -5*z = f*x + 9, 5*z - z + 3 = -3*x. What is the units digit of x?
3
Suppose -8 = -v - v. What is the units digit of (-150)/(-24) + 3/v?
7
Let i = -7 + 7. Let o = 2 - i. Suppose -o*a = -6*a + 36. What is the units digit of a?
9
Let d(m) = m**3 + 4*m**2 + m - 2. Suppose -o = -7 - 3. Let h = 7 - o. What is the units digit of d(h)?
4
Suppose 4*z + 66 = 2*l, z + 4*z - 102 = -2*l. What is the tens digit of l?
4
Suppose -269 = -3*c - 38. What is the units digit of c?
7
Let q(o) = o**3 - o**2 - 2. Let l be q(2). Let t be (l + 1)/(-1)*-44. What is the tens digit of (1/(-3))/((-4)/t)?
1
Suppose 0 = -4*y + 23 + 69. Let h = y - 11. What is the units digit of h?
2
Let q = -2 - -5. Let s be (-292)/(-18) - 4/18. Suppose 2*u = p + s, 2*u - q*p - 1 = 15. What is the units digit of u?
8
Suppose 0 = -4*v + 2*v. Suppose v = 2*c - 3 - 3. What is the units digit of c?
3
Suppose -13 - 15 = 5*r + 4*x, -2*r - 2*x - 12 = 0. Let j be r/(-10) - (-2)/(-5). Let p = 7 + j. What is the units digit of p?
7
What is the units digit of 836/4 + 3*12/9?
3
Let g(u) = -10*u**3 - 16*u**2 - 7*u - 5. Let q(m) = 7*m**3 + 11*m**2 + 5*m + 3. Let z(r) = 5*g(r) + 7*q(r). What is the units digit of z(-4)?
2
Suppose 0 = -3*x - 2*x + 25. What is the units digit of x?
5
Let j = -5 + 12. Let g = j - 12. Let m = 8 + g. What is the units digit of m?
3
Let o(k) = -41*k**3 - 2*k**2 - k + 2. What is the units digit of o(-2)?
4
Suppose 2*o + 17 = o. Let i = 25 + o. What is the units digit of i?
8
Let m(f) = 9*f + 1. Let p(z) = -19*z - 1. Let k(o) = -13*m(o) - 6*p(o). What is the tens digit of k(-8)?
1
Let u(r) = 6*r**3 + r**2 + r + 1. Let o be u(-1). Let v = o + 11. Suppose z = 2*y + 12, -2*y - v = -0*y. What is the units digit of z?
6
Suppose -3*p = 5*u - 122 - 456, 5*p + u = 956. What is the units digit of p?
1
Let z be -4 - (8/4 + 8). Let f(a) = a**2 + 13*a - 6. What is the units digit of f(z)?
8
Let x(f) = -f**3 + 3*f**2 + 4*f + 3. Let h be 2 + 1 - 0 - -1. Let s be x(h). Suppose -s*o + 5 = -2*o. What is the units digit of o?
5
Let b(u) = -13*u - 1. Let s be 10/(-4) + 2/(-4). Let d be b(s). Suppose 4*i + d = 3*a, 4*a + 3*i - 8 = 26. What is the tens digit of a?
1
Suppose 6*x = x + s + 13, -2*s = -4*x + 14. Let v(k) = 2 + x*k - 2*k - 4*k. What is the tens digit of v(-2)?
1
Let z = -7 + 9. Suppose z*j - 36 = -2*o, -5*o - 23 = 3*j - 105. What is the tens digit of o?
1
Let r = -1 - -6. Suppose -5*b = -r*g + 144 - 44, -2*b = 3*g - 55. What is the units digit of g?
9
Let g = -118 + 168. Suppose -g = -0*t - 5*t. Suppose 0 = p - 3*p + t. What is the units digit of p?
5
Let g = 17 + -13. Suppose g*f = 5*f - 33. What is the tens digit of f?
3
Suppose -3*y = y - 264. What is the units digit of y?
6
Suppose 0*k - 13 = -3*k - 5*g, k - g + 9 = 0. Let l be 6*(-6)/k - 1. Suppose 3*i = 4*t + 25 - 6, 4*t - l = 0. What is the units digit of i?
9
Let r be (-153)/(-4)*(-3 + -1). Let m be r/(-21) + 4/(-14). Let u = m - -1. What is the units digit of u?
8
Suppose 4*g - 8 = 0, 4*o + 5*g - 769 - 949 = 0. What is the units digit of o?
7
Let k be -3*(4/(-6) - 0). Let z = -1 - k. Let v(a) = -4*a - 1. What is the tens digit of v(z)?
1
Suppose 5*r - 148 = 102. What is the units digit of r?
0
Let x(b) = -32*b + 5 - b**2 + 3 + 41*b. What is the units digit of x(9)?
8
Let p = 52 + -29. What is the units digit of p?
3
Let s(p) = p**3 + 3*p**2 + 2*p - 1. Let u be s(-2). What is the units digit of -2 + 2 + u - -4?
3
Let h be (-1 + 3/3)*1. Suppose 3*r - 22 - 26 = h. What is the units digit of r?
6
Let s(i) = 36*i**2 + i. Let h be s(1). Suppose -136 = -3*g - h. Suppose 3 = -5*n + g. What is the units digit of n?
6
Let u(n) be the first derivative of -n**3/3 - 4*n**2 - 2*n + 2. What is the units digit of u(-6)?
0
Suppose -4*w + 213 = -5*c, -5*c = -11 - 4. What is the units digit of w?
7
Suppose 0 = -6*t + 5*t + 8. What is the units digit of t?
8
Suppose -4*i - 660 = -8*i. What is the tens digit of i?
6
What is the units digit of (12/10)/(3 - 1134/380)?
6
Suppose -2*z + 2 = -2*q, 0*q = 3*z - 5*q - 9. What is the units digit of (-70)/(-15) - z/(-3)?
4
Let y(o) = 2*o**2 + o - 2. Let d be y(-2). Let m = 0 + d. What is the units digit of m?
4
Let n be 3*(-6)/9 + -1. What is the tens digit of n - (-1)/(1/14)?
1
Suppose 0 = -3*v - 139 + 466. What is the tens digit of v?
0
Let r(g) = g**3 + 6*g**2 - 2*g + 6. Let o(d) = 2*d**3 + 4*d**2 + 2*d - 2. Let n be o(-2). What is the units digit of r(n)?
8
Let j = -16 - -23. Let f = 12 - j. Let x = 2 + f. What is the units digit of x?
7
What is the units digit of 6/4 - 270/(-12)?
4
Let o = 6 + -14. Let t = -14 - o. Let q = t - -17. What is the units digit of q?
1
Let g be 3/2*(-24)/(-18). Suppose 2*x + 12 = -g*w, 3 = w - 2*x - 0. Let a = w + 7. What is the units digit of a?
4
Suppose -5*g + 5*s = 15, 0 = -4*g - s + 5 - 2. Suppose 4*b - 2*b - 76 = g. What is the tens digit of b?
3
Let a be (8/(-14))/((-9)/63). Suppose 2*t = a*s - 2*t - 108, -46 = -3*s - 4*t. What is the tens digit of s?
2
Suppose -4*d = 2*k - 136, -11 + 45 = d + 2*k. What is the tens digit of d?
3
Let z(d) = d**3 - 5*d**2 + 3*d + 2. Let n(m) = 10*m. Let y be n(1). Suppose -3*r + y = -r. What is the units digit of z(r)?
7
Let z be 2/((2 + -1)*1). Let t be 5/z*4/2. Suppose t*p - 31 = -s - 11, 3*p + 4*s + 5 = 0. What is the units digit of p?
5
Suppose 138 = 2*j - 3*x, 3*x - 71 - 7 = -j. Suppose -j = -5*v + v. What is the units digit of v?
8
Let d = -4 - -8. Suppose 0 = 3*u - 10 + d. What is the units digit of (-2 + 27/6)*u?
5
Suppose 10 = 4*a - 0*j + 3*j, -12 = -a + 4*j. Suppose 2*d = -4 + 22. Suppose -d - 23 = -a*w. What is the units digit of w?
8
Suppose 5*t + 240 = -5*g, 4*g + t = -g - 